-- Backup database: chiphi
-- Charset: utf8mb4 | Collation: utf8mb4_0900_ai_ci
SET NAMES utf8mb4;
SET FOREIGN_KEY_CHECKS=0;

DROP TABLE IF EXISTS `hoa_don`;
CREATE TABLE `hoa_don` (
  `id` int NOT NULL AUTO_INCREMENT,
  `ma_hoa_don` varchar(50) DEFAULT NULL,
  `id_nha_cung_cap` int DEFAULT NULL,
  `id_loai_chi_phi` int NOT NULL,
  `ngay_lap_hoa_don` date NOT NULL,
  `noi_dung_chi_tiet` text,
  `tong_tien_hoa_don` decimal(15,0) NOT NULL DEFAULT '0',
  `so_tien_da_tra_ngay` decimal(15,0) DEFAULT '0',
  `duong_dan_anh` varchar(255) DEFAULT NULL,
  `ngay_nhap_he_thong` timestamp NULL DEFAULT CURRENT_TIMESTAMP,
  PRIMARY KEY (`id`),
  KEY `id_nha_cung_cap` (`id_nha_cung_cap`),
  KEY `id_loai_chi_phi` (`id_loai_chi_phi`),
  CONSTRAINT `hoa_don_ibfk_1` FOREIGN KEY (`id_nha_cung_cap`) REFERENCES `nha_cung_cap` (`id`),
  CONSTRAINT `hoa_don_ibfk_2` FOREIGN KEY (`id_loai_chi_phi`) REFERENCES `loai_chi_phi` (`id`)
) ENGINE=InnoDB AUTO_INCREMENT=22 DEFAULT CHARSET=utf8mb4 COLLATE=utf8mb4_0900_ai_ci;

INSERT INTO `hoa_don` (`id`,`ma_hoa_don`,`id_nha_cung_cap`,`id_loai_chi_phi`,`ngay_lap_hoa_don`,`noi_dung_chi_tiet`,`tong_tien_hoa_don`,`so_tien_da_tra_ngay`,`duong_dan_anh`,`ngay_nhap_he_thong`) VALUES ('9',NULL,'3','6','2026-01-09','Thạch chuyển khoản rút từ tiền số tiết kiệm','6400000','6400000','1768627391_dylan09012026.jpg','2026-01-17 12:23:11');
INSERT INTO `hoa_don` (`id`,`ma_hoa_don`,`id_nha_cung_cap`,`id_loai_chi_phi`,`ngay_lap_hoa_don`,`noi_dung_chi_tiet`,`tong_tien_hoa_don`,`so_tien_da_tra_ngay`,`duong_dan_anh`,`ngay_nhap_he_thong`) VALUES ('10',NULL,'3','6','2026-01-13','Thạch chuyển khoản rút từ thẻ tiết kiệm','1855000','1855000','1768627482_dylan13012026.jpg','2026-01-17 12:24:42');
INSERT INTO `hoa_don` (`id`,`ma_hoa_don`,`id_nha_cung_cap`,`id_loai_chi_phi`,`ngay_lap_hoa_don`,`noi_dung_chi_tiet`,`tong_tien_hoa_don`,`so_tien_da_tra_ngay`,`duong_dan_anh`,`ngay_nhap_he_thong`) VALUES ('11',NULL,'4','6','2026-01-15','Thạch chuyển khoản ','2330000','2330000','1768627695_uttrinh15012026.png','2026-01-17 12:28:15');
INSERT INTO `hoa_don` (`id`,`ma_hoa_don`,`id_nha_cung_cap`,`id_loai_chi_phi`,`ngay_lap_hoa_don`,`noi_dung_chi_tiet`,`tong_tien_hoa_don`,`so_tien_da_tra_ngay`,`duong_dan_anh`,`ngay_nhap_he_thong`) VALUES ('12',NULL,NULL,'7','2026-01-14','Thạch chuyển khoản','750000','750000','','2026-01-17 12:30:07');
INSERT INTO `hoa_don` (`id`,`ma_hoa_don`,`id_nha_cung_cap`,`id_loai_chi_phi`,`ngay_lap_hoa_don`,`noi_dung_chi_tiet`,`tong_tien_hoa_don`,`so_tien_da_tra_ngay`,`duong_dan_anh`,`ngay_nhap_he_thong`) VALUES ('13',NULL,NULL,'7','2026-01-16','Thạch chuyển Khoản','270000','270000','','2026-01-17 12:30:56');
INSERT INTO `hoa_don` (`id`,`ma_hoa_don`,`id_nha_cung_cap`,`id_loai_chi_phi`,`ngay_lap_hoa_don`,`noi_dung_chi_tiet`,`tong_tien_hoa_don`,`so_tien_da_tra_ngay`,`duong_dan_anh`,`ngay_nhap_he_thong`) VALUES ('15',NULL,'1','6','2026-01-02','Xe chú Cường chở','1345000','0','1768654634_phuocsuong02012026.png','2026-01-17 19:57:14');
INSERT INTO `hoa_don` (`id`,`ma_hoa_don`,`id_nha_cung_cap`,`id_loai_chi_phi`,`ngay_lap_hoa_don`,`noi_dung_chi_tiet`,`tong_tien_hoa_don`,`so_tien_da_tra_ngay`,`duong_dan_anh`,`ngay_nhap_he_thong`) VALUES ('16',NULL,'1','6','2026-01-05','Xe Ba Chắt chở','620000','0','1768654690_phuocsuong05012026.png','2026-01-17 19:58:10');
INSERT INTO `hoa_don` (`id`,`ma_hoa_don`,`id_nha_cung_cap`,`id_loai_chi_phi`,`ngay_lap_hoa_don`,`noi_dung_chi_tiet`,`tong_tien_hoa_don`,`so_tien_da_tra_ngay`,`duong_dan_anh`,`ngay_nhap_he_thong`) VALUES ('17',NULL,'1','6','2026-01-15','Xe anh Lúc','9936000','0','1768654741_phuocsuong15012026.png','2026-01-17 19:59:01');
INSERT INTO `hoa_don` (`id`,`ma_hoa_don`,`id_nha_cung_cap`,`id_loai_chi_phi`,`ngay_lap_hoa_don`,`noi_dung_chi_tiet`,`tong_tien_hoa_don`,`so_tien_da_tra_ngay`,`duong_dan_anh`,`ngay_nhap_he_thong`) VALUES ('18',NULL,NULL,'8','2026-01-04','Trả tiền tôm giống','33750000','33750000','','2026-01-18 20:48:48');
INSERT INTO `hoa_don` (`id`,`ma_hoa_don`,`id_nha_cung_cap`,`id_loai_chi_phi`,`ngay_lap_hoa_don`,`noi_dung_chi_tiet`,`tong_tien_hoa_don`,`so_tien_da_tra_ngay`,`duong_dan_anh`,`ngay_nhap_he_thong`) VALUES ('19',NULL,NULL,'10','2026-01-01','Tiền mua bạt lót và tiền công','5700000','5700000','','2026-01-18 20:50:10');
INSERT INTO `hoa_don` (`id`,`ma_hoa_don`,`id_nha_cung_cap`,`id_loai_chi_phi`,`ngay_lap_hoa_don`,`noi_dung_chi_tiet`,`tong_tien_hoa_don`,`so_tien_da_tra_ngay`,`duong_dan_anh`,`ngay_nhap_he_thong`) VALUES ('20',NULL,NULL,'11','2026-01-19','Mua lại bơm 12v cho ba bơm nước ','320000','320000','','2026-01-19 14:28:36');
INSERT INTO `hoa_don` (`id`,`ma_hoa_don`,`id_nha_cung_cap`,`id_loai_chi_phi`,`ngay_lap_hoa_don`,`noi_dung_chi_tiet`,`tong_tien_hoa_don`,`so_tien_da_tra_ngay`,`duong_dan_anh`,`ngay_nhap_he_thong`) VALUES ('21',NULL,NULL,'12','2026-01-21','Trả tiền Vĩnh sửa 4 cái mô tơ','3800000','3800000','','2026-01-21 19:21:01');


DROP TABLE IF EXISTS `loai_chi_phi`;
CREATE TABLE `loai_chi_phi` (
  `id` int NOT NULL AUTO_INCREMENT,
  `ten_loai_chi_phi` varchar(100) NOT NULL,
  `ghi_chu` text,
  PRIMARY KEY (`id`)
) ENGINE=InnoDB AUTO_INCREMENT=13 DEFAULT CHARSET=utf8mb4 COLLATE=utf8mb4_0900_ai_ci;

INSERT INTO `loai_chi_phi` (`id`,`ten_loai_chi_phi`,`ghi_chu`) VALUES ('6','Mua hàng',NULL);
INSERT INTO `loai_chi_phi` (`id`,`ten_loai_chi_phi`,`ghi_chu`) VALUES ('7','Xe chuyên chở hàng Dylan',NULL);
INSERT INTO `loai_chi_phi` (`id`,`ten_loai_chi_phi`,`ghi_chu`) VALUES ('8','Tiền Tôm',NULL);
INSERT INTO `loai_chi_phi` (`id`,`ten_loai_chi_phi`,`ghi_chu`) VALUES ('9','Tiền Tôm',NULL);
INSERT INTO `loai_chi_phi` (`id`,`ten_loai_chi_phi`,`ghi_chu`) VALUES ('10','Tiền lót bạt Công',NULL);
INSERT INTO `loai_chi_phi` (`id`,`ten_loai_chi_phi`,`ghi_chu`) VALUES ('11','Mua bơm 12v',NULL);
INSERT INTO `loai_chi_phi` (`id`,`ten_loai_chi_phi`,`ghi_chu`) VALUES ('12','Sửa mô tơ',NULL);


DROP TABLE IF EXISTS `nha_cung_cap`;
CREATE TABLE `nha_cung_cap` (
  `id` int NOT NULL AUTO_INCREMENT,
  `ten_nha_cung_cap` varchar(150) NOT NULL,
  `nhom_nha_cung_cap` varchar(50) DEFAULT NULL,
  `so_dien_thoai` varchar(20) DEFAULT NULL,
  `dia_chi` varchar(255) DEFAULT NULL,
  `ngay_tao` timestamp NULL DEFAULT CURRENT_TIMESTAMP,
  PRIMARY KEY (`id`)
) ENGINE=InnoDB AUTO_INCREMENT=6 DEFAULT CHARSET=utf8mb4 COLLATE=utf8mb4_0900_ai_ci;

INSERT INTO `nha_cung_cap` (`id`,`ten_nha_cung_cap`,`nhom_nha_cung_cap`,`so_dien_thoai`,`dia_chi`,`ngay_tao`) VALUES ('1','Phước Sương',NULL,'090000000',NULL,'2026-01-11 22:04:12');
INSERT INTO `nha_cung_cap` (`id`,`ten_nha_cung_cap`,`nhom_nha_cung_cap`,`so_dien_thoai`,`dia_chi`,`ngay_tao`) VALUES ('2','Việt Đức',NULL,'',NULL,'2026-01-12 10:21:44');
INSERT INTO `nha_cung_cap` (`id`,`ten_nha_cung_cap`,`nhom_nha_cung_cap`,`so_dien_thoai`,`dia_chi`,`ngay_tao`) VALUES ('3','DyLan',NULL,'',NULL,'2026-01-17 12:21:28');
INSERT INTO `nha_cung_cap` (`id`,`ten_nha_cung_cap`,`nhom_nha_cung_cap`,`so_dien_thoai`,`dia_chi`,`ngay_tao`) VALUES ('4','Út Trinh',NULL,'',NULL,'2026-01-17 12:27:05');
INSERT INTO `nha_cung_cap` (`id`,`ten_nha_cung_cap`,`nhom_nha_cung_cap`,`so_dien_thoai`,`dia_chi`,`ngay_tao`) VALUES ('5','Út Hết',NULL,'',NULL,'2026-01-17 15:28:29');


DROP TABLE IF EXISTS `thanh_toan`;
CREATE TABLE `thanh_toan` (
  `id` int NOT NULL AUTO_INCREMENT,
  `ma_phieu_chi` varchar(50) DEFAULT NULL,
  `id_nha_cung_cap` int NOT NULL,
  `ngay_thanh_toan` date NOT NULL,
  `so_tien_tra_them` decimal(15,0) NOT NULL,
  `hinh_thuc_tra` varchar(50) DEFAULT NULL,
  `ghi_chu_thanh_toan` text,
  `duong_dan_anh_bien_lai` varchar(255) DEFAULT NULL,
  PRIMARY KEY (`id`),
  KEY `id_nha_cung_cap` (`id_nha_cung_cap`),
  CONSTRAINT `thanh_toan_ibfk_1` FOREIGN KEY (`id_nha_cung_cap`) REFERENCES `nha_cung_cap` (`id`)
) ENGINE=InnoDB AUTO_INCREMENT=2 DEFAULT CHARSET=utf8mb4 COLLATE=utf8mb4_0900_ai_ci;



DROP TABLE IF EXISTS `ton_kho`;
CREATE TABLE `ton_kho` (
  `id` int NOT NULL AUTO_INCREMENT,
  `id_vu_mua` int NOT NULL,
  `id_vu_mua_den` int DEFAULT NULL,
  `ten_hang_ton` varchar(255) NOT NULL,
  `so_luong_ton` int NOT NULL,
  `don_gia` bigint NOT NULL,
  `thanh_tien` bigint NOT NULL,
  `ngay_tao` datetime DEFAULT CURRENT_TIMESTAMP,
  PRIMARY KEY (`id`)
) ENGINE=InnoDB AUTO_INCREMENT=11 DEFAULT CHARSET=utf8mb4 COLLATE=utf8mb4_0900_ai_ci;



DROP TABLE IF EXISTS `vu_mua`;
CREATE TABLE `vu_mua` (
  `id_vu_mua` int NOT NULL AUTO_INCREMENT,
  `ten_vu_mua` varchar(150) NOT NULL,
  `tu_ngay` date NOT NULL,
  `den_ngay` date NOT NULL,
  `ghi_chu` varchar(255) DEFAULT NULL,
  `created_at` datetime DEFAULT CURRENT_TIMESTAMP,
  PRIMARY KEY (`id_vu_mua`)
) ENGINE=InnoDB AUTO_INCREMENT=8 DEFAULT CHARSET=utf8mb4 COLLATE=utf8mb4_0900_ai_ci;

INSERT INTO `vu_mua` (`id_vu_mua`,`ten_vu_mua`,`tu_ngay`,`den_ngay`,`ghi_chu`,`created_at`) VALUES ('3','Vụ 1','2026-01-01','2026-03-30',NULL,'2026-01-20 11:00:06');


SET FOREIGN_KEY_CHECKS=1;
